e number?
False
Is 780443 a prime number?
False
Is 55579 composite?
False
Is 21631 composite?
True
Is 4337 prime?
True
Is 233491 a composite number?
True
Is 1257 composite?
True
Is 41711 a composite number?
True
Is 106409 composite?
True
Is 36379 a composite number?
True
Is 323537 a composite number?
False
Is 388217 a prime number?
False
Is 46651 composite?
True
Is 40873 composite?
True
Is 316253 a prime number?
False
Is 2053 a prime number?
True
Is 4327 prime?
True
Is 45767 a composite number?
False
Is 188169 a prime number?
False
Is 30833 a prime number?
False
Is 25511 composite?
True
Is 83491 composite?
True
Is 3119681 prime?
True
Is 12895 prime?
False
Is 9101 prime?
False
Is 283429 a composite number?
True
Is 73669 prime?
False
Is 352533 a prime number?
False
Is 9533 a composite number?
False
Is 8483 composite?
True
Is 104087 a prime number?
True
Is 43565 a composite number?
True
Is 735617 a composite number?
False
Is 34 a prime number?
False
Is 18503 a prime number?
True
Is 12479 composite?
False
Is 26669 a composite number?
False
Is 3611 a composite number?
True
Is 121001 prime?
True
Is 8191 a composite number?
False
Is 10211 a prime number?
True
Is 626555 prime?
False
Is 227459 prime?
True
Is 21769 prime?
False
Is 5581 prime?
True
Is 49597 a prime number?
True
Is 42647 prime?
False
Is 11863 prime?
True
Is 629711 a composite number?
False
Is 722237 prime?
True
Is 388979 prime?
False
Is 909781 a prime number?
False
Is 2129 prime?
True
Is 4534 a prime number?
False
Is 50207 a composite number?
False
Is 603607 prime?
True
Is 7765 a composite number?
True
Is 75397 a prime number?
False
Is 121003 prime?
False
Is 10219 a composite number?
True
Is 2597593 a prime number?
False
Is 6583 a prime number?
False
Is 193273 a prime number?
False
Is 4119 a composite number?
True
Is 10831 composite?
False
Is 8717 a composite number?
True
Is 12323 composite?
False
Is 144663 a prime number?
False
Is 20161 a prime number?
True
Is 39469 prime?
False
Is 13753 a composite number?
True
Is 6349 a composite number?
True
Is 979 prime?
False
Is 18827 prime?
False
Is 31846 a composite number?
True
Is 662 a prime number?
False
Is 514907 prime?
False
Is 1012021 prime?
False
Is 256705 a composite number?
True
Is 54669 prime?
False
Is 35027 prime?
True
Is 23357 a prime number?
True
Is 32831 prime?
True
Is 5917 prime?
False
Is 132571 a composite number?
True
Is 5923 a composite number?
False
Is 2901779 prime?
True
Is 64979 a composite number?
True
Is 12683 prime?
False
Is 500791 a composite number?
False
Is 1361 a composite number?
False
Is 303257 a composite number?
False
Is 261779 a composite number?
True
Is 139705 prime?
False
Is 16921 a composite number?
False
Is 3622 a prime number?
False
Is 606673 a composite number?
False
Is 1361 composite?
False
Is 137297 composite?
True
Is 163943 prime?
False
Is 154909 prime?
False
Is 261109 a composite number?
True
Is 125591 prime?
True
Is 15031 a prime number?
True
Is 168395 a composite number?
True
Is 734 a composite number?
True
Is 784527 a composite number?
True
Is 600727 prime?
True
Is 86423 a composite number?
False
Is 12013 a prime number?
False
Is 12197 composite?
False
Is 14253 composite?
True
Is 7186 a prime number?
False
Is 16979 a prime number?
True
Is 307531 a composite number?
True
Is 271423 prime?
False
Is 2749 prime?
True
Is 20443 a prime number?
True
Is 3779 a prime number?
True
Is 3907 a composite number?
False
Is 19937 composite?
False
Is 37747 composite?
False
Is 336101 a composite number?
False
Is 26759 a prime number?
True
Is 24351 composite?
True
Is 246037 a composite number?
True
Is 1707 prime?
False
Is 140603 composite?
False
Is 28099 a prime number?
True
Is 180307 prime?
True
Is 5699 a prime number?
False
Is 38557 composite?
False
Is 14207 a prime number?
True
Is 37087 a prime number?
True
Is 5435 a prime number?
False
Is 142599 prime?
False
Is 19289 composite?
False
Is 8923 composite?
False
Is 48445 a composite number?
True
Is 33217 composite?
True
Is 233113 a composite number?
False
Is 18219 prime?
False
Is 36289 a prime number?
False
Is 533 a composite number?
True
Is 4241 prime?
True
Is 8849 prime?
True
Is 39265 a prime number?
False
Is 7669 composite?
False
Is 113083 prime?
True
Is 1543 a composite number?
False
Is 490273 a composite number?
True
Is 1005481 composite?
False
Is 1769 a prime number?
False
Is 6941 composite?
True
Is 4849 a prime number?
False
Is 3578 a composite number?
True
Is 1908203 a prime number?
False
Is 12659 a composite number?
False
Is 228181 prime?
True
Is 847567 prime?
False
Is 6337 a prime number?
True
Is 20609 a composite number?
True
Is 11821 a prime number?
True
Is 14177 composite?
False
Is 265333 a prime number?
True
Is 1087 a composite number?
False
Is 116867 prime?
True
Is 44711 prime?
True
Is 33563 a composite number?
False
Is 60601 prime?
True
Is 968213 composite?
False
Is 8981 a composite number?
True
Is 177193 a prime number?
False
Is 80513 a composite number?
False
Is 46951 a composite number?
True
Is 8923 a composite number?
False
Is 77 a prime number?
False
Is 5059 a composite number?
False
Is 54781 prime?
False
Is 8039 composite?
False
Is 207899 composite?
True
Is 44867 composite?
False
Is 71439 composite?
True
Is 152717 composite?
False
Is 83867 prime?
False
Is 1671 a prime number?
False
Is 85537 composite?
True
Is 74749 composite?
True
Is 349357 composite?
False
Is 11579 a composite number?
False
Is 1186981 a composite number?
False
Is 511211 a prime number?
True
Is 393 a composite number?
True
Is 8519 a composite number?
True
Is 24169 prime?
True
Is 485846 composite?
True
Is 31973 prime?
True
Is 1461335 a prime number?
False
Is 432895 a composite number?
True
Is 291133 composite?
True
Is 27527 prime?
True
Is 366603 a prime number?
False
Is 15401 prime?
True
Is 16143 a composite number?
True
Is 5981 a composite number?
False
Is 10061 a composite number?
False
Is 154211 a composite number?
False
Is 394453 a prime number?
True
Is 5969 a prime number?
False
Is 460385 prime?
False
Is 2080081 a prime number?
True
Is 8465 a prime number?
False
Is 5807 a composite number?
False
Is 32267 prime?
False
Is 39189 a composite number?
True
Is 156217 a composite number?
False
Is 43189 prime?
True
Is 136265 prime?
False
Is 10306 prime?
False
Is 5471 prime?
True
Is 39071 composite?
True
Is 28187 a prime number?
False
Is 12251 composite?
False
Is 1155961 composite?
False
Is 9659 prime?
False
Is 11569 a prime number?
False
Is 1673 composite?
True
Is 43459 composite?
True
Is 56915 prime?
False
Is 18479 composite?
True
Is 55799 a prime number?
True
Is 4507 a prime number?
True
Is 2609 a prime number?
True
Is 41423 composite?
True
Is 71191 a prime number?
True
Is 53 a composite number?
False
Is 115129 prime?
False
Is 213205 a composite number?
True
Is 542891 composite?
False
Is 67699 prime?
True
Is 1389658 a composite number?
True
Is 71957 a composite number?
True
Is 29702 composite?
True
Is 21387 prime?
False
Is 8903 prime?
False
Is 15243 a composite number?
True
Is 29411 a composite number?
False
Is 16221 a prime number?
False
Is 138667 prime?
False
Is 3474119 prime?
False
Is 359 a composite number?
False
Is 275005 a prime number?
False
Is 2179 a prime number?
True
Is 281053 a prime number?
True
Is 294523 a prime number?
True
Is 286017 composite?
True
Is 49871 a prime number?
True
Is 189217 composite?
True
Is 683401 a composite number?
False
Is 1317 composite?
True
Is 281049 a composite number?
True
Is 5839 a prime number?
True
Is 13619 prime?
True
Is 6879 a prime number?
False
Is 137453 prime?
True
Is 9713 a prime number?
False
Is 47735 a prime number?
False
Is 33131 a composite number?
True
Is 18301 prime?
True
Is 29651 composite?
True
Is 6049 composite?
True
Is 4176851 a composite number?
True
Is 136049 composite?
True
Is 70985 a prime number?
False
Is 33169 a prime number?
False
Is 2561714 composite?
True
Is 164503 a prime number?
True
Is 5639 composite?
False
Is 1475947 composite?
True
Is 215051 composite?
False
Is 8185 composite?
True
Is 82079 prime?
False
Is 1538207 a prime number?
False
Is 8809 prime?
False
Is 8743 composite?
True
Is 22229 a prime number?
True
Is 299087 composite?
False
Is 354581 prime?
True
Is 235285 composite?
True
Is 1568419 a composite number